{"id":15,"date":"2021-05-16T11:45:26","date_gmt":"2021-05-16T09:45:26","guid":{"rendered":"https:\/\/www.lessixties.fr\/?page_id=15"},"modified":"2021-11-30T21:01:03","modified_gmt":"2021-11-30T20:01:03","slug":"evenements","status":"publish","type":"page","link":"https:\/\/www.lessixties.fr\/index.php\/evenements\/","title":{"rendered":"\u00c9v\u00e8nements"},"content":{"rendered":"\n<p><strong><span class=\"has-inline-color has-neve-link-hover-color-color\">\u00c9v\u00e8nements \u00e0 venir <\/span><\/strong><\/p>\n\n\n\n<p><em>En attente de la lev\u00e9e des restrictions <em>sanitaires<\/em><\/em><em>.<\/em><\/p>\n\n\n\n<p><strong><span class=\"has-inline-color has-neve-link-hover-color-color\">\u00c9v\u00e8nements pass\u00e9s<\/span><\/strong><\/p>\n\n\n\n<ul><li><strong>Saison 2018-2019<\/strong><br><em>Forum des Associations<\/em> &#8211; Samedi 8 Septembre 2018 &#8211; 10h\/18h<br>Parc de Villeroy (dans la nef du Club de Tennis) &#8211; D\u00e9monstration de ROCK&#8217;n ROLL<br><\/li><li><strong>Saison 2017-2018<\/strong><br><em>Forum des Associations<\/em> &#8211; Samedi 9 Septembre 2017<br>D\u00e9monstrations<br><\/li><li><strong>Saison 2016-2017<\/strong><br><em>Forum des Associations<\/em> &#8211; Samedi 3 Septembre 2016<br>D\u00e9monstration \u00e0 15h<br><\/li><li><strong>Saison 2015-2016<\/strong><br><em>Forum des Associations<\/em> &#8211; Samedi 5 Septembre 2015 &#8211; 10h\/18h<br>Tennis Club de Mennecy (dans la hall de tennis)<br> <\/li><li><strong>Saison 2014-2015<\/strong><br><em>Mennecy Dream Cars<\/em> &#8211; Dimanche 14 Juin 2015<br>Parc de Villeroy \u00e0 Mennecy &#8211; D\u00e9monstrations d\u00e8s 13h45 <br>Avec la participation de la photographe Julie Cense et de l&#8217;artiste-peintre Marjorie Corban<br><br><em>Soir\u00e9e de pr\u00e9sentation aux familles et amis<\/em><br>Vendredi 12 Juin 2015 d\u00e8s 19h30<br>Ecole de la Verville \u00e0 Mennecy<br><br><em>Soir\u00e9e dansante annuelle<\/em><br>Samedi 28 Mars d\u00e8s 18h<br>Espace culturel Barbara \u00e0 Gometz-le-Chatel<br>Avec la participation des groupes K&#8217;ptain Kidd, Nitro Burners et du DJ Gegene<\/li><\/ul>\n\n\n\n<p><\/p>\n","protected":false},"excerpt":{"rendered":"<p>\u00c9v\u00e8nements \u00e0 venir En attente de la lev\u00e9e des restrictions sanitaires. \u00c9v\u00e8nements pass\u00e9s Saison 2018-2019Forum des Associations &#8211; Samedi 8 Septembre 2018 &#8211; 10h\/18hParc de Villeroy (dans la nef du Club de Tennis) &#8211; D\u00e9monstration de ROCK&#8217;n ROLL Saison 2017-2018Forum des Associations &#8211; Samedi 9 Septembre 2017D\u00e9monstrations Saison 2016-2017Forum des Associations &#8211; Samedi 3 Septembre&hellip;&nbsp;<a href=\"https:\/\/www.lessixties.fr\/index.php\/evenements\/\" class=\"\" rel=\"bookmark\">Read More &raquo;<span class=\"screen-reader-text\">\u00c9v\u00e8nements<\/span><\/a><\/p>\n","protected":false},"author":1,"featured_media":0,"parent":0,"menu_order":0,"comment_status":"closed","ping_status":"closed","template":"","meta":{"neve_meta_sidebar":"","neve_meta_container":"","neve_meta_enable_content_width":"","neve_meta_content_width":0,"neve_meta_title_alignment":"","neve_meta_author_avatar":"","neve_post_elements_order":"","neve_meta_disable_header":"","neve_meta_disable_footer":"","neve_meta_disable_title":""},"_links":{"self":[{"href":"https:\/\/www.lessixties.fr\/index.php\/wp-json\/wp\/v2\/pages\/15"}],"collection":[{"href":"https:\/\/www.lessixties.fr\/index.php\/wp-json\/wp\/v2\/pages"}],"about":[{"href":"https:\/\/www.lessixties.fr\/index.php\/wp-json\/wp\/v2\/types\/page"}],"author":[{"embeddable":true,"href":"https:\/\/www.lessixties.fr\/index.php\/wp-json\/wp\/v2\/users\/1"}],"replies":[{"embeddable":true,"href":"https:\/\/www.lessixties.fr\/index.php\/wp-json\/wp\/v2\/comments?post=15"}],"version-history":[{"count":9,"href":"https:\/\/www.lessixties.fr\/index.php\/wp-json\/wp\/v2\/pages\/15\/revisions"}],"predecessor-version":[{"id":184,"href":"https:\/\/www.lessixties.fr\/index.php\/wp-json\/wp\/v2\/pages\/15\/revisions\/184"}],"wp:attachment":[{"href":"https:\/\/www.lessixties.fr\/index.php\/wp-json\/wp\/v2\/media?parent=15"}],"curies":[{"name":"wp","href":"https:\/\/api.w.org\/{rel}","templated":true}]}}