{"id":12,"date":"2021-05-16T11:45:26","date_gmt":"2021-05-16T09:45:26","guid":{"rendered":"https:\/\/www.lessixties.fr\/?page_id=12"},"modified":"2021-11-30T21:00:01","modified_gmt":"2021-11-30T20:00:01","slug":"stages","status":"publish","type":"page","link":"https:\/\/www.lessixties.fr\/index.php\/stages\/","title":{"rendered":"Stages"},"content":{"rendered":"\n<p><strong><span class=\"has-inline-color has-neve-link-hover-color-color\"><em>Rock&#8217;n Roll, Swing, Be-Bop, Madison, <em>Salsa<\/em><\/em>, Bachata, Zumba, <em>Pole Dance, Pom-Pom Girls<\/em><\/span><\/strong><\/p>\n\n\n\n<p>A<em>u regard de la situation sanitaire, nos stages ont \u00e9t\u00e9 suspendus.<br>En attendant, prenez soin de vous. On se retrouve d\u00e8s que possible.<\/em><\/p>\n","protected":false},"excerpt":{"rendered":"<p>Rock&#8217;n Roll, Swing, Be-Bop, Madison, Salsa, Bachata, Zumba, Pole Dance, Pom-Pom Girls Au regard de la situation sanitaire, nos stages ont \u00e9t\u00e9 suspendus.En attendant, prenez soin de vous. On se retrouve d\u00e8s que possible.<\/p>\n","protected":false},"author":1,"featured_media":0,"parent":0,"menu_order":0,"comment_status":"closed","ping_status":"closed","template":"","meta":{"neve_meta_sidebar":"","neve_meta_container":"","neve_meta_enable_content_width":"","neve_meta_content_width":0,"neve_meta_title_alignment":"","neve_meta_author_avatar":"","neve_post_elements_order":"","neve_meta_disable_header":"","neve_meta_disable_footer":"","neve_meta_disable_title":""},"_links":{"self":[{"href":"https:\/\/www.lessixties.fr\/index.php\/wp-json\/wp\/v2\/pages\/12"}],"collection":[{"href":"https:\/\/www.lessixties.fr\/index.php\/wp-json\/wp\/v2\/pages"}],"about":[{"href":"https:\/\/www.lessixties.fr\/index.php\/wp-json\/wp\/v2\/types\/page"}],"author":[{"embeddable":true,"href":"https:\/\/www.lessixties.fr\/index.php\/wp-json\/wp\/v2\/users\/1"}],"replies":[{"embeddable":true,"href":"https:\/\/www.lessixties.fr\/index.php\/wp-json\/wp\/v2\/comments?post=12"}],"version-history":[{"count":8,"href":"https:\/\/www.lessixties.fr\/index.php\/wp-json\/wp\/v2\/pages\/12\/revisions"}],"predecessor-version":[{"id":182,"href":"https:\/\/www.lessixties.fr\/index.php\/wp-json\/wp\/v2\/pages\/12\/revisions\/182"}],"wp:attachment":[{"href":"https:\/\/www.lessixties.fr\/index.php\/wp-json\/wp\/v2\/media?parent=12"}],"curies":[{"name":"wp","href":"https:\/\/api.w.org\/{rel}","templated":true}]}}